Let h be b(14). Suppose -4*a = -h - 22. Let r = a + 39. What is the greatest common factor of 9 and r?
9
Suppose 126*j - 4*o + 68 = 130*j, 0 = 3*j - o - 39. Calculate the highest common divisor of 6657 and j.
7
Suppose -41 = -17*n + 485 - 16. What is the highest common divisor of 10290 and n?
30
Let f be 4/(24/81)*22. Suppose 4*r = f - 33. Let t(j) = 16*j + 161. Let x be t(-8). Calculate the highest common divisor of r and x.
33
Let b = 3828 + -3646. Calculate the greatest common divisor of b and 21.
7
Let k(p) = -p**3 - 17*p**2 - 17*p - 10. Let u be k(-16). Suppose 14*s - u*s - 1800 = 0. What is the highest common divisor of 45 and s?
45
Suppose 4*f - 26 = -3*r + 11, 0 = -4*f + 2*r + 22. Let y = 94089 + -93914. What is the greatest common divisor of f and y?
7
Suppose 2003*j - 2022*j + 36575 = 0. Calculate the highest common factor of 220 and j.
55
Let x be ((-80)/(-6))/((-3)/(378/(-12))). Suppose -x = 13*y - 18*y. Let i be (-15)/6*(0 - y). Calculate the greatest common divisor of i and 10.
10
Let j(c) = -7*c**2 - 13*c + 20. Let v be j(6). Let n be 52/(-39) - v/3. What is the greatest common divisor of n and 255?
51
Let a(p) = p**2 + p + 6. Let o be a(-6). What is the highest common factor of 297 and o?
9
Let i(n) = 28*n**2 + 272*n - 40. Let m be i(-12). Calculate the greatest common factor of m and 168.
56
Let l = -333 + 349. Suppose -3766 = -l*j - 182. What is the greatest common factor of 8 and j?
8
Suppose 1540 = -18*n + 5536. Let o = 269 - n. Suppose -r = -3*r + 658. What is the greatest common factor of r and o?
47
Let l(s) = -s**2 - 25*s - 88. Let h be l(-9). What is the highest common factor of 2702 and h?
14
Suppose 16*b = -39*b - 68*b + 2091. Calculate the highest common factor of 1088 and b.
17
Suppose -4*q + 3 - 11 = 0. Let s be 36*q*2/(-16). Suppose -7*t + s*t = 510. Calculate the greatest common factor of 102 and t.
51
Suppose -4*s + 5*c = 2117, -17 = 4*c - 37. Let u = s - -759. Calculate the highest common factor of u and 59.
59
Let j be 286 - ((-18)/(-63))/(4/28). Suppose 2*q = -k + 69, 2*q - 4*q = 4*k - 282. Calculate the greatest common factor of j and k.
71
Let f(k) = -4*k - 37. Let v be f(-9). Let s be -1*-4*(v + 0)/(-1). Suppose s*i - 225 = i. Calculate the highest common factor of i and 15.
15
Let x be (-3 + 24)*1*(2 - 1). Let l = 255 + 18. What is the highest common factor of x and l?
21
Suppose 0 = 20*t + 11*t - 248. Suppose -286 = -t*g - 6. What is the highest common factor of g and 140?
35
Let a(w) = -7*w**3 - w**2 - 4*w + 39. Let j be a(0). Let k be -247*(3 - (0 - 1 - -5)). What is the greatest common divisor of k and j?
13
Let q(i) be the first derivative of i**4/4 - i**3 + i**2 + i + 4. Let h be q(2). Let f be (h - -1)*(6 + -4). What is the highest common divisor of 10 and f?
2
Suppose 544*a + 542*a = 1085*a + 7700. Calculate the greatest common factor of a and 56.
28
Let g(r) = 36*r + 108. Let o(s) = -2*s + 3. Let l(f) = g(f) + 12*o(f). Let n be l(-5). Calculate the greatest common divisor of n and 105.
21
Suppose -3*m + m + 40 = 0. Suppose -25*t = -30*t - g + 39, 0 = -t + 5*g - 13. Suppose -328 = -t*k - 48. Calculate the greatest common factor of k and m.
20
Suppose 10 = y + 8. Let j be (34 + 45/10 + -4)*y. What is the greatest common divisor of j and 552?
69
Let v(h) = h**2 + 30*h + 146. Let l be v(-3). Let m(i) = -i + 7. Suppose 9*u - 6*u = -18. Let t be m(u). Calculate the greatest common factor of t and l.
13
Let m = 12492 + -12473. Calculate the highest common factor of 8 and m.
1
Let w = -55 - -60. Let v be w - ((-4)/4 + 4 + -1). Suppose l - 40 = -13. What is the highest common divisor of l and v?
3
Let n be (-14 + 9)*34/5. Let b = n + 30. Let m be ((-6)/b)/((-12)/(-160)). What is the greatest common divisor of m and 80?
20
Suppose -d - 5*w + 2*w + 100 = 0, 0 = -4*d - w + 411. Suppose 40*b = 577 + d. What is the greatest common divisor of b and 323?
17
Let z(l) = -132*l - 1869. Let x be z(-16). Suppose 11*n - 126 = 4*n. What is the highest common factor of x and n?
9
Let r(b) = 2*b + 5. Let v be r(-4). Let u(l) = -l**2 - 28 + 18 - l**3 + 58*l - 64*l. Let o be u(v). Calculate the highest common divisor of 130 and o.
26
Suppose -2*c = -3*u + 14, 4*c - c = -3. Let l be 483/28 - (-3)/u. Let n = -365 + 401. What is the highest common factor of l and n?
18
Let m = 7263 + 10760. What is the highest common divisor of m and 538?
269
Suppose 0 = 5*t + n - 807, 314 = 2*t + 5*n - 9*n. Calculate the greatest common divisor of 989 and t.
23
Suppose -o + 5*h - 463 = -5*o, -473 = -4*o + 5*h. Let m = 315 - o. What is the highest common factor of 11 and m?
11
Let g be (-408)/(-64) - (-6)/(-16). Suppose -7 = g*s - 103. What is the greatest common divisor of 16 and s?
16
Let l(r) = r**3 - r**2 - 3*r - 1. Let k be l(-1). Let s be 26 + (-2 - 4 - k). What is the highest common factor of 500 and s?
20
Let p be (23/(-3) + -1)/((-84)/126). Suppose -326 = -3*w + 4*a, -15*w + 3*a = -p*w - 217. What is the greatest common divisor of w and 88?
22
Suppose 7*i = 3*i + 2*h + 48, -3*i + 35 = -h. Let x be ((-6952)/(-12))/i - (-5)/(-3). Calculate the highest common factor of x and 3.
3
Suppose -d - 7 = -t, 2*d + 3*t + 3 = d. Let s be 21 - d*9/27. Calculate the highest common factor of s and 299.
23
Suppose 5*p = 5*x + 4900, -19*p + 22*p - 4*x - 2934 = 0. Calculate the highest common factor of p and 238.
34
Let r = 3336 + -3012. Calculate the highest common divisor of 729 and r.
81
Suppose -5*c = -3*t - 945, 12*c = 3*t + 11*c + 933. Let q = t + 394. What is the highest common factor of 28 and q?
28
Suppose -5*n + 0*l - 4*l + 16 = 0, -12 = -5*n - 3*l. Suppose z + n*z = -4. Let a be 3 - (-37 - (z - 0)). Calculate the greatest common factor of a and 24.
12
Suppose 0 = 27*t - 28*t + 1. Let s(q) = 21*q**3 - 2*q + 1. Let h be s(t). Let v be (-6)/2 - h/8*-2. Calculate the greatest common divisor of v and 2.
2
Let t(c) = -c**3 + 4*c**2 + 5*c - 2. Let u be t(4). Suppose 0 = 5*d + u + 17. Let a be d/(35/2)*-120. What is the greatest common divisor of 12 and a?
12
Suppose -5*r = -20, 2*r + 68 = 2*o - 3*r. Suppose -s = -t + 430, 5*t - 4*s = 1085 + 1075. What is the highest common divisor of t and o?
44
Let i(f) = -518*f - 2818. Let w be i(-7). Calculate the highest common factor of w and 160.
8
Let p be ((-2)/4)/(22/(-1892)) + -5. Suppose -32 = -2*w + 4. Suppose x - p - w = 0. Calculate the highest common divisor of 8 and x.
8
Let h be 2/7 + (-38)/(-14). Suppose -3485 - 3661 = -71*d - 543. What is the highest common factor of d and h?
3
Let t be 13 - (2/(-9) - 220/(-99)). Suppose -t*b + 901 + 298 = 0. Let g be (1 + b)/(0/5 + 2). What is the highest common divisor of 22 and g?
11
Let l(b) = b**2 + 5*b. Let q be l(4). Suppose -40*c = 11261 + 459. Let r = c + 305. Calculate the highest common factor of q and r.
12
Let i = -1 - 4. Let a = 276 - 316. Let j be (-257)/(-8) - i/a. What is the greatest common divisor of j and 8?
8
Suppose 0 = -171*s + 1814 + 1255 + 1719. What is the highest common divisor of 147 and s?
7
Let q be 54*(3 + 6/36). Let l = 4 + 15. What is the greatest common divisor of q and l?
19
Suppose 4*h = -5*s + 88 + 84, 5*h - 47 = -s. Suppose i - 6*a + a - 106 = 0, 0 = -3*i - 4*a + 280. Let k = i - s. What is the highest common divisor of k and 4?
4
Suppose -75 = -4*t - 5*u, -5*u = 5*t - 2*u - 97. Let s(y) = -2*y**3 - 2*y**2 + 95*y + 113. Let v be s(-7). What is the greatest common factor of v and t?
4
Suppose 0 = -149*o + 526 + 368. What is the highest common divisor of o and 136?
2
Let d = 609 + -387. Suppose 0 = -42*j + 5*j + d. Calculate the highest common factor of j and 54.
6
Let h = -16402 + 16486. What is the highest common divisor of 56 and h?
28
Let l be 4847/19 - (-188)/(-1786). Calculate the greatest common divisor of l and 1377.
51
Let g be ((116/(-2))/(-1))/(9 - (-50)/(-6)). What is the highest common divisor of 3973 and g?
29
Let x be 52/(-12) + (-4)/6. Let i = x + 17. Let p be (55/15 + 5/(-5))*6. What is the greatest common factor of p and i?
4
Suppose 2*j = -4*j + 504. Let g(z) = -24 + 93 - z - 13. Let v be g(0). What is the highest common factor of j and v?
28
Let l = -896 + 992. Let v be (1 - 2)*2*-49. Let u be 8/(-32) + v/8. Calculate the highest common divisor of u and l.
12
Suppose -153*o + 1774 = 244. What is the hi